at is the value of 1 + -30 + 15 + (14 - 10 - 12)?
-22
Calculate 43 + 36 + -75 - (20 - 0).
-16
Calculate -21 - ((440 - 433) + (1 - 28)).
-1
Calculate -5 + 2 - 5 - (8 + -29).
13
Calculate 3 + -16 + 3 - (38 - 30).
-18
Calculate 3 + 2 + -7 + (5 - 3) - 9.
-9
Calculate -103 - -109 - (1 - (-2 + 3 + 0)).
6
Evaluate (38 - 20) + (9 - -1) - 7.
21
Calculate 12 + -9 + -6 - (9 + -3) - 7.
-16
-2 + -3 + 0 + 4 + 1
0
(-43 - -28) + 73 + -46
12
What is the value of (32 - (-18 + 37)) + -12 + 0?
1
(0 - -2) + 7 + -17 + (-2 - -9)
-1
38 + -36 - (5 + 0)
-3
What is 0 - (-2 - -1) - (36 - 37) - -1?
3
What is the value of 6 + -12 + (12 - 4)?
2
Calculate 5 - (-2 + -14) - 15 - (2 - -3).
1
-15 + (-5 - -12) + 3
-5
Evaluate (16 - (1 - -21)) + (-1 - 0).
-7
-1 + (-6 + 20 - 10) + 0 + -7
-4
What is the value of 19 - ((6 - (9 - (2 + 1))) + -1)?
20
What is 0 + -3 + -1 + 6 + (-2 - 4)?
-4
Evaluate 17 + -2 + -43 + 41.
13
-9 + (-1 - -1 - (4 + -16)) + -2
1
What is the value of 0 + 19 + -4 + 1?
16
What is 9 + -21 + 4 + 0 + 3 + -8?
-13
What is 5 - ((11 - 5) + 3) - 10?
-14
Calculate -1 - ((0 - (-3 - -3)) + 0 + 6).
-7
Calculate (-2 - (-19 + 0)) + -1 + 259 + -266.
9
What is (-3 - (15 + 3) - -17) + (-1 - -21)?
16
Calculate 0 - -9 - (-13 + 11).
11
12 + (4 - 6) + -3 - 1
6
Evaluate (7 - 10 - -7) + -8 - -1.
-3
(-8 + (12 - 9) - -12) + -5
2
What is the value of -48 + 77 + -5 + -3 + -2?
19
Calculate -9 - -11 - (-11 + 49 + -3).
-33
Evaluate -88 + (-7 - -32) + 36.
-27
What is the value of 0 + 13 - (-102 - -119) - (14 - 0)?
-18
Calculate -9 - (((-2 - -11) + 1 - 0) + -19).
0
Calculate 11 + -1 - (-24 + 32).
2
What is the value of 2 + 5 + -15 - -13 - -3?
8
Calculate (7 - (-6 - -7)) + -10 + (33 - -1).
30
Evaluate 15 + (-14 + -19 - 13).
-31
What is the value of 9 + -11 + 22 - 24?
-4
(-33 - (-76 - -20)) + (-13 - 2)
8
Evaluate 12 + -1 - (-34 + 35) - -13.
23
Evaluate 26 + (-6 - 26) - 12.
-18
What is the value of (-1 - -8) + 19 + -13 + -7 - 10?
-4
What is the value of 0 - (-10 - -7) - (3 - 5)?
5
Calculate 4 + (11 - 5 - 6) + -5.
-1
16 - (-8 - -1) - (7 - (0 - -1))
17
What is the value of -3 + (3 - 1) + -6?
-7
What is the value of 4 + (5 - 21) + 31?
19
What is -8 - (12 + (-7 - -12))?
-25
What is 15 - (6 + (15 - 14)) - (-6 - -2)?
12
Evaluate -11 + (22 - 33 - -12 - (1 - 0)).
-11
What is the value of 0 + -1 + 7 - (4 - (32 - 31))?
3
Evaluate -6 + -4 + -7 + 17 + -10.
-10
What is the value of -31 + 23 - (4 + (8 - 6))?
-14
What is 5 + (-18 - -2) - (55 + -50)?
-16
What is the value of -7 + -2 + 2 - -3?
-4
(6 - (3 - -1 - (7 - 3))) + 5
11
What is -8 + (11 - -2) + -1 + 1 + 1?
6
Calculate 0 + 6 - (-16 - ((18 - 9) + -20)).
11
What is 32 - (10 - 6 - (-10 - -3))?
21
1 + -4 + (-3 - -3) - (-61 - -54)
4
Calculate -20 + 12 + -5 + -2 + 9.
-6
18 + 21 + -47 + 7
-1
What is 5 - (1 - 14 - -20)?
-2
23 - 46 - (1 + -40)
16
Evaluate (1 - 2) + 2 - (-14 + 17 + -7).
5
Evaluate -12 - ((-8 + 8 - 2) + -12).
2
Evaluate 24 - (-3 + -19 + 44).
2
(192 - 186) + 10 + -1 - 2
13
-1 + (-3 + 17 - (6 - 20))
27
Evaluate 17 - (14 - 1) - (7 + 0).
-3
Calculate -7 + (-9 - -7) + 22.
13
What is -2 + -11 - (1214 + -1221)?
-6
7 + (-1 - 1) + -1 + 62 + -27
39
Evaluate (-11 - -13) + (0 - (-6 + 12)).
-4
Evaluate (-4 - -1) + (-51 + 59 - (14 + -1)).
-8
What is -3 - (20 - 19) - -12?
8
What is (-3 - (0 - -8)) + (-13 - -7 - -7)?
-10
Calculate (5 + -4 - (5 - 9)) + (-40 - 3).
-38
Evaluate -9 + -12 + (24 - 2).
1
What is -18 + 13 - -25 - (-16 + 7)?
29
4 - -2 - (-9 + 9) - (-12 - 14)
32
Calculate (-39 - -33) + 0 + 12 - (1 - 16).
21
Evaluate (-23 - -22 - -3) + (-1 - (1 + -11)).
11
What is 0 + 4 + -23 + 14?
-5
(16 + (-4 - 2) - 5) + 3
8
What is the value of (-7 - (5 - 11) - 1) + -7 + -9?
-18
Evaluate (-23 - 3) + 13 + 2 + 9.
-2
Evaluate 5 + 15 + -9 + (8 - (2 - 2)).
19
What is 2 - (6 + -6 + 9 + (-5 - -9))?
-11
What is the value of 1 + (-8 - (8 - (-7 - (-4 + 7))))?
-25
What is 11 + -2 + 0 + (-15 - 13) + 33?
14
What is the value of (6 - (-3 + 12 + -9 + 31)) + 7?
-18
Evaluate 21 + 12 + (-10 - 13).
10
76 - 97 - (-9 + -3)
-9
Calculate 4 + (2 - (-3 - 0)) + 0.
9
What is the value of (63 + -70 - (-1 + 7)) + 6 + 1?
-6
What is the value of -15 + (-2 - 0) - (-15 + (36 - 18))?
-20
Calculate -2 + 11 + (0 - 2) + 381 + -374.
14
What is 77 - (58 + -24 + 11)?
32
What is -14 + (2 - (-4 - 9))?
1
What is the value of 14 + (-1 + 2 + 1 - (-5 + 4))?
17
Calculate -20 + 4 + 23 + -24.
-17
16 + -2 + (-7 - 6) - 5
-4
What is the value of -13 + (-1 - (-3 - 32 - -3))?
18
What is -25 - (-26 + 24) - (-1 + 1 - 5)?
-18
What is the value of -2 + 12 - (139 + -136)?
7
Evaluate 0 - -2 - (116 - 114).
0
What is the value of 4 + -5 + -20 - (11 + -23)?
-9
What is (-52 - -65 - (-7 + 44)) + -8?
-32
Evaluate -7 - (-3 + -6 + 10 + 7 + -16).
1
(48 - 3) + 178 + -215
8
Evaluate (-66 - -70) + (1 - 10) - (6 + 0).
-11
Calculate (-10 - -19) + -4 + -5 - -15.
15
Evaluate -17 + (28 - 28 - (-2 + -12)).
-3
What is -18 - (-3 + 8 + -13)?
-10
What is the value of (-18 - -10) + -14 + 34?
12
-3 + -12 - (-14 + 6) - -8
1
Calculate (-9 + 8 - -25) + -12.
12
-12 + 7 + 15 + 6 + 3
19
What is 2 + -2 + -1 - -8 - (-230 + 242)?
-5
What is the value of (-2 + 2 - -8) + -53 + (19 - -7)?
-19
Calculate (7 - 5) + 5 + -5 - (0 + -6).
8
(-6 - (-1 + 1) - -1) + (114 - 84)
25
(110 - 88) + -3 + 2
21
What is 2 - (1 + 14 + -2)?
-11
What is (-6 - (2 - -3)) + 20 + -26 + 16?
-1
-13 + -1 + 4 - (2 + -2)
-10
Evaluate -1 + 14 + (-1 - 24).
-12
What is the value of 22 + -42 - (-21 - -8)?
-7
What is the value of -15 - (-29 + (-10 - -39))?
-15
Calculate (-18 - (-29 - -1)) + -25.
-15
What is 26 - ((13 - (18 + (1 - 10))) + -13)?
35
Evaluate -10 + 0 + -9 + (-17 - -17) + 5.
-14
Calculate -2 + (27 - 2) - (278 - 270).
15
Calculate (0 - -3) + (-17 - (-11 + -1 + -16)).
14
Evaluate 14 + (5 - -22) - 80.
-39
What is the value of (46 - 16) + 28 + -44?
14
What is (-5 - (20 - 12)) + 26 - 15?
-2
-1 + (6 - 6) + 7 + -9
-3
Calculate (-4 - (10 - 19)) + -17.
-12
What is -1 - (5 + 0) - (28 - 44 - -9)?
1
Calculate -3 - -3 - -3 - (183 - 201) - -3.
24
Calculate 38 + (47 - 28 - 26).
31
Evaluate 14 + -13 + -21 + 12.
-8
What is the value of 135 + -144 - (0 - (-2 - (-1 - -2)))?
-12
-10 + 4 + -16 - -5
-17
What is 12 + (19 - (16 + 0))?
15
Calculate -8 - (-1 - (-14 + -3 + 10)).
-14
Evaluate (6 - -1) + 2 + -2 + (-27 - -31).
11
Calculate 29 + (-14 - 0) - 26.
-11
What is the value of 9 + -15 + -3 + 9?
0
What is 0 - 3 - (8 + 1)?
-12
Calculate 143 + -122 - (1 - -5) - 49.
-34
Evaluate (-88 - -81) + 8 + 9.
10
What is the value of (2 - (-5 + 0)) + (32 - 25)?
14
What is -1 + -4 + (-46 - -65)?
14
What is (-1 - (-8 + 1)) + -63 + 24 + 34?
1
Calculate -8 + (8 + 9 - (30 - 12)).
-9
What is the value of (-107 + 97 - (-19 - -1)) + 14 + -3?
19
-8 + (39 - 7 - 13)
11
Evaluate (12 + 8 - 14) + -23.
-17
Evaluate -3 + (1 - -18) - (-155 - -168).
3
(3 - 2) + 0 - (5 - 14 - 17)
27
What is the value of 5 - 2 - -18 - 4?
17
-7 + (-3 - -7) + -11 + 5
-9
(3 - -5) + -4 + -7 + 6 - -16
19
(-2 + 6 + -5 - -4) + 17 + -6
14
49 + -7 + -27 + -16
-1
(15 + -18 - 12) + 19
4
-45 + (-73 + 73 - (4 + -17))
-32
Evaluate 2 - (12 + -2) - (-4 + 4 - -5).
-13
Calculate 7 - (1 - (3 - -1) - (4 + 0)).
14
Calculate 12 + -5 - -4 - (-15 - -17).
9
What is the value of (0 - (20 - -1)) + -3 + (-12 - -14)?
-22
What is (-20 - 9) + 34 + (-4 - 0)?
1
Calculate -4 + 31 - 95 - -43.
-25
4 + 5 + (21 - 4) + (55 - 73)
8
Evaluate (-1 + -1 - (-2 - 2)) + 0 + 9.
11
What is -22 + 55 + 6 + -24?
15
What is 19 - (-16 - (5 - 36))?
4
What is 11 - 20 - -25 - (-8 - -51)?
-27
What is the value of -6 - (16 - 24 - (-3 + 5) - -6)?
-2
-20 + (-3 - 17 - -21)
-19
Evaluate 2 - (1 - -8 - (-366 + 359)).
-14
Evaluate -25 + 48 - (10 - -4).
9
Evaluate 4 + -8 + 0 + (1 - -4) + 1.
2
-24 + (26 - 25 - 1)
-24
Evaluate -3 - (-4 + (-8 - -7)) - 1.
1
-20 + -26 + 17 + 25 + -9
-13
What is -6 - (-3 + 2) - (47 - 61)?
9
17 + -5 - (9 + 9 + -24)
18
-25 + 35 - 17 - -20
13
Evaluate -7 - (5 - (12 + 11)).
11
What is -139 + 159 - (4 - -3)?
13
What is -1 - (8 - (-2 + 3 + 6))?
-2
-31 + (9 - -3) + (-19 - -12)
-26
6 - (-4 - 5 - ((-1 - 4) + -2))
8
What is the value of -24 + 24 + -13 + 6?
-7
3 + (-1 - (-4 + 6) - -1)
1
Evaluate (-9 - 40 - -60) + -35 + 1.
-23
Calculate -3 + (-4 + -1 + 4 - 9).
-13
Evaluate 9 + (2 - (-1 + 6 + -7)).
13
-6 - (-4 + 8 + -13 + 8)
-5
Evaluate (-1 - 5) + -5 - -4 - (-44 - -14).
23
What is the value of 8 - 7 - (-3 - 2) - (